{"id":2065,"date":"2020-02-02T22:21:52","date_gmt":"2020-02-02T22:21:52","guid":{"rendered":"http:\/\/euromontlogistic.rs\/index.php\/karriere\/"},"modified":"2020-02-02T22:22:32","modified_gmt":"2020-02-02T22:22:32","slug":"karriere","status":"publish","type":"page","link":"https:\/\/euromontlogistic.rs\/index.php\/karriere\/?lang=de","title":{"rendered":"KARRIERE"},"content":{"rendered":"<p>[vc_row css_animation=&#8220;&#8220; row_type=&#8220;row&#8220; use_row_as_full_screen_section=&#8220;no&#8220; type=&#8220;full_width&#8220; angled_section=&#8220;no&#8220; text_align=&#8220;left&#8220; background_image_as_pattern=&#8220;without_pattern&#8220;][vc_column][vc_empty_space][\/vc_column][\/vc_row][vc_row css_animation=&#8220;&#8220; row_type=&#8220;row&#8220; use_row_as_full_screen_section=&#8220;no&#8220; type=&#8220;grid&#8220; angled_section=&#8220;no&#8220; text_align=&#8220;left&#8220; background_image_as_pattern=&#8220;without_pattern&#8220; z_index=&#8220;&#8220;][vc_column width=&#8220;1\/2&#8243;][vc_column_text]Unsere Mitarbeiter machen die St\u00e4rke unseres Unternehmens aus. Das gemeinsame Streben nach konstanter Verbesserung schafft gemeinsame Wertvorstellungen im Unternehmen und sorgt f\u00fcr die Zufriedenheit der Mitarbeiter.<\/p>\n<p>Im Unternehmen EUROMONT LOGISTIC herrscht eine einzigartige Unternehmenskultur, die von der Strategieentwicklung bis zur Erreichung der Ziele auf die Verwirklichung unserer Ziele fokussiert ist. Wir sind eine kundenorientierte Organisation, die ergebnisorientierte Individuen sch\u00e4tzt. Wir ermutigen unsere Mitarbeiter zu Entschlossenheit, Innovation und Kreativit\u00e4t.<\/p>\n<p>Mitarbeiter aller Ebenen sorgen f\u00fcreinander, behandeln sich gegenseitig mit Respekt und genie\u00dfen ihre Arbeit. Wir bem\u00fchen uns stets, EUROMONT LOGISTIC zu einem wunderbaren Arbeitsort zu machen. Besondere Aufmerksamkeit schenken wir dabei der Mitarbeitersicherheit und qualitativ hochwertigen Arbeitsbedingungen.<br \/>\nMachen Sie Karriere im Team von EUROMONT LOGISTIC<br \/>\nTreiben Sie Ihre Karriere voran, indem Sie sich dem Team unseres wachsenden, dynamischen Unternehmens anschlie\u00dfen. Bei uns haben Sie die M\u00f6glichkeit, Ihre F\u00e4higkeiten weiterzuentwickeln und Fortschritte zu machen.<\/p>\n<p>Bewerben Sie sich bei EUROMONT LOGISTIC.[\/vc_column_text][\/vc_column][vc_column width=&#8220;1\/2&#8243;]<div role=\"form\" class=\"wpcf7\" id=\"wpcf7-f1124-o1\" lang=\"en-GB\" dir=\"ltr\">\n<div class=\"screen-reader-response\"><p role=\"status\" aria-live=\"polite\" aria-atomic=\"true\"><\/p> <ul><\/ul><\/div>\n<form action=\"\/index.php\/wp-json\/wp\/v2\/pages\/2065#wpcf7-f1124-o1\" method=\"post\" class=\"wpcf7-form init default\" enctype=\"multipart\/form-data\" novalidate=\"novalidate\" data-status=\"init\">\n<div style=\"display: none;\">\n<input type=\"hidden\" name=\"_wpcf7\" value=\"1124\" \/>\n<input type=\"hidden\" name=\"_wpcf7_version\" value=\"5.6.1\" \/>\n<input type=\"hidden\" name=\"_wpcf7_locale\" value=\"en_GB\" \/>\n<input type=\"hidden\" name=\"_wpcf7_unit_tag\" value=\"wpcf7-f1124-o1\" \/>\n<input type=\"hidden\" name=\"_wpcf7_container_post\" value=\"0\" \/>\n<input type=\"hidden\" name=\"_wpcf7_posted_data_hash\" value=\"\" \/>\n<\/div>\n<p><label> Ime i prezime *<br \/>\n    <span class=\"wpcf7-form-control-wrap\" data-name=\"your-name\"><input type=\"text\" name=\"your-name\" value=\"\" size=\"40\" class=\"wpcf7-form-control wpcf7-text wpcf7-validates-as-required\" aria-required=\"true\" aria-invalid=\"false\" \/><\/span> <\/label><\/p>\n<p><label> E-mail  *<br \/>\n    <span class=\"wpcf7-form-control-wrap\" data-name=\"your-email\"><input type=\"email\" name=\"your-email\" value=\"\" size=\"40\" class=\"wpcf7-form-control wpcf7-text wpcf7-email wpcf7-validates-as-required wpcf7-validates-as-email\" aria-required=\"true\" aria-invalid=\"false\" \/><\/span> <\/label><\/p>\n<p><label> Broj telefona *<br \/>\n    <span class=\"wpcf7-form-control-wrap\" data-name=\"Brojtelefona\"><input type=\"tel\" name=\"Brojtelefona\" value=\"\" size=\"40\" class=\"wpcf7-form-control wpcf7-text wpcf7-tel wpcf7-validates-as-required wpcf7-validates-as-tel\" aria-required=\"true\" aria-invalid=\"false\" \/><\/span> <\/label><\/p>\n<p><label> Datum ro\u0111enja *<br \/>\n    <span class=\"wpcf7-form-control-wrap\" data-name=\"Datumrodjenja\"><input type=\"date\" name=\"Datumrodjenja\" value=\"\" class=\"wpcf7-form-control wpcf7-date wpcf7-validates-as-date\" aria-invalid=\"false\" \/><\/span><\/label><\/p>\n<p>Va\u0161 trenutni status<br \/>\n<span class=\"wpcf7-form-control-wrap\" data-name=\"trenutni-status\"><span class=\"wpcf7-form-control wpcf7-checkbox\"><span class=\"wpcf7-list-item first\"><input type=\"checkbox\" name=\"trenutni-status[]\" value=\"student\" \/><span class=\"wpcf7-list-item-label\">student<\/span><\/span><span class=\"wpcf7-list-item\"><input type=\"checkbox\" name=\"trenutni-status[]\" value=\"zaposlen\" \/><span class=\"wpcf7-list-item-label\">zaposlen<\/span><\/span><span class=\"wpcf7-list-item last\"><input type=\"checkbox\" name=\"trenutni-status[]\" value=\"nezaposlen\" \/><span class=\"wpcf7-list-item-label\">nezaposlen<\/span><\/span><\/span><\/span><\/p>\n<p>Voza\u010dka dozvola<br \/>\n<span class=\"wpcf7-form-control-wrap\" data-name=\"vozacka-dozvola\"><span class=\"wpcf7-form-control wpcf7-checkbox\"><span class=\"wpcf7-list-item first\"><input type=\"checkbox\" name=\"vozacka-dozvola[]\" value=\"A\" \/><span class=\"wpcf7-list-item-label\">A<\/span><\/span><span class=\"wpcf7-list-item\"><input type=\"checkbox\" name=\"vozacka-dozvola[]\" value=\"B\" \/><span class=\"wpcf7-list-item-label\">B<\/span><\/span><span class=\"wpcf7-list-item\"><input type=\"checkbox\" name=\"vozacka-dozvola[]\" value=\"C\" \/><span class=\"wpcf7-list-item-label\">C<\/span><\/span><span class=\"wpcf7-list-item\"><input type=\"checkbox\" name=\"vozacka-dozvola[]\" value=\"D\" \/><span class=\"wpcf7-list-item-label\">D<\/span><\/span><span class=\"wpcf7-list-item last\"><input type=\"checkbox\" name=\"vozacka-dozvola[]\" value=\"E\" \/><span class=\"wpcf7-list-item-label\">E<\/span><\/span><\/span><\/span><\/p>\n<p><label> Napomena u vezi navedenih podataka<br \/>\n    <span class=\"wpcf7-form-control-wrap\" data-name=\"your-subject\"><input type=\"text\" name=\"your-subject\" value=\"\" size=\"40\" class=\"wpcf7-form-control wpcf7-text\" aria-invalid=\"false\" \/><\/span> <\/label><br \/>\n<label> Molim Vas prilo\u017eite biografiju <br\/>(dozvoljeni formati su: pdf, docx, doc i jpg  veli\u010dine do 10MB)  <\/label><\/p>\n<p><span class=\"wpcf7-form-control-wrap\" data-name=\"file-458\"><input type=\"file\" name=\"file-458\" size=\"40\" class=\"wpcf7-form-control wpcf7-file\" accept=\".jpg,.pdf,.docx,.doc,.csv\" aria-invalid=\"false\" \/><\/span><\/p>\n<p>  <label>  <span class=\"wpcf7-form-control-wrap\" data-name=\"recipient\"><select name=\"recipient\" class=\"wpcf7-form-control wpcf7-select wpcf7-validates-as-required\" aria-required=\"true\" aria-invalid=\"false\"><option value=\"Euromont Logistic\">Euromont Logistic<\/option><\/select><\/span> <\/label><\/p>\n<p><input type=\"submit\" value=\"Po\u0161alji\" class=\"wpcf7-form-control has-spinner wpcf7-submit\" \/><\/p>\n<p style=\"display: none !important;\"><label>&#916;<textarea name=\"_wpcf7_ak_hp_textarea\" cols=\"45\" rows=\"8\" maxlength=\"100\"><\/textarea><\/label><input type=\"hidden\" id=\"ak_js_1\" name=\"_wpcf7_ak_js\" value=\"187\"\/><script>document.getElementById( \"ak_js_1\" ).setAttribute( \"value\", ( new Date() ).getTime() );<\/script><\/p><div class=\"wpcf7-response-output\" aria-hidden=\"true\"><\/div><\/form><\/div>[\/vc_column][\/vc_row]<\/p>\n","protected":false},"excerpt":{"rendered":"<p>[vc_row css_animation=&#8220;&#8220; row_type=&#8220;row&#8220; use_row_as_full_screen_section=&#8220;no&#8220; type=&#8220;full_width&#8220; angled_section=&#8220;no&#8220; text_align=&#8220;left&#8220; background_image_as_pattern=&#8220;without_pattern&#8220;][vc_column][vc_empty_space][\/vc_column][\/vc_row][vc_row css_animation=&#8220;&#8220; row_type=&#8220;row&#8220; use_row_as_full_screen_section=&#8220;no&#8220; type=&#8220;grid&#8220; angled_section=&#8220;no&#8220; text_align=&#8220;left&#8220; background_image_as_pattern=&#8220;without_pattern&#8220; z_index=&#8220;&#8220;][vc_column width=&#8220;1\/2&#8243;][vc_column_text]Unsere Mitarbeiter machen die St\u00e4rke unseres Unternehmens aus. Das gemeinsame Streben nach konstanter Verbesserung schafft gemeinsame Wertvorstellungen im Unternehmen und sorgt f\u00fcr die Zufriedenheit der Mitarbeiter. Im Unternehmen EUROMONT&#8230;<\/p>\n","protected":false},"author":1,"featured_media":0,"parent":0,"menu_order":0,"comment_status":"closed","ping_status":"closed","template":"full_width.php","meta":{"_mi_skip_tracking":false,"_monsterinsights_sitenote_active":false,"_monsterinsights_sitenote_note":"","_monsterinsights_sitenote_category":0,"footnotes":""},"class_list":["post-2065","page","type-page","status-publish","hentry"],"_links":{"self":[{"href":"https:\/\/euromontlogistic.rs\/index.php\/wp-json\/wp\/v2\/pages\/2065","targetHints":{"allow":["GET"]}}],"collection":[{"href":"https:\/\/euromontlogistic.rs\/index.php\/wp-json\/wp\/v2\/pages"}],"about":[{"href":"https:\/\/euromontlogistic.rs\/index.php\/wp-json\/wp\/v2\/types\/page"}],"author":[{"embeddable":true,"href":"https:\/\/euromontlogistic.rs\/index.php\/wp-json\/wp\/v2\/users\/1"}],"replies":[{"embeddable":true,"href":"https:\/\/euromontlogistic.rs\/index.php\/wp-json\/wp\/v2\/comments?post=2065"}],"version-history":[{"count":3,"href":"https:\/\/euromontlogistic.rs\/index.php\/wp-json\/wp\/v2\/pages\/2065\/revisions"}],"predecessor-version":[{"id":2068,"href":"https:\/\/euromontlogistic.rs\/index.php\/wp-json\/wp\/v2\/pages\/2065\/revisions\/2068"}],"wp:attachment":[{"href":"https:\/\/euromontlogistic.rs\/index.php\/wp-json\/wp\/v2\/media?parent=2065"}],"curies":[{"name":"wp","href":"https:\/\/api.w.org\/{rel}","templated":true}]}}