{"id":627,"date":"2019-11-06T10:57:28","date_gmt":"2019-11-06T10:57:28","guid":{"rendered":"http:\/\/euromontlogistic.rs\/?page_id=627"},"modified":"2020-07-22T13:33:09","modified_gmt":"2020-07-22T12:33:09","slug":"it","status":"publish","type":"page","link":"https:\/\/euromontlogistic.rs\/index.php\/it\/","title":{"rendered":"Informacione Tehnologije"},"content":{"rendered":"<p>[vc_row css_animation=&#8220;&#8220; row_type=&#8220;row&#8220; use_row_as_full_screen_section=&#8220;no&#8220; type=&#8220;grid&#8220; angled_section=&#8220;no&#8220; text_align=&#8220;left&#8220; background_image_as_pattern=&#8220;without_pattern&#8220; padding_top=&#8220;40&#8243; padding_bottom=&#8220;40&#8243; z_index=&#8220;&#8220;][vc_column][vc_column_text]Tehnologija je sr\u017e dana\u0161njeg poslovanja i na\u010din na koji se koriste tehnologije je veoma va\u017eno. Sistem na\u0161eg poslovanja nije samo tehnologija, to su i iskusni ljudi koji koriste vrhunski hardver i softver da bi nadma\u0161ili potrebe korisnika na\u0161ih usluga. Euromont Logistic ima re\u0161enja koja su potrebna za jednostavan rad:[\/vc_column_text][\/vc_column][\/vc_row][vc_row css_animation=&#8220;&#8220; row_type=&#8220;row&#8220; use_row_as_full_screen_section=&#8220;no&#8220; type=&#8220;grid&#8220; angled_section=&#8220;no&#8220; text_align=&#8220;left&#8220; background_image_as_pattern=&#8220;without_pattern&#8220; padding_top=&#8220;40&#8243; padding_bottom=&#8220;40&#8243; z_index=&#8220;&#8220; css=&#8220;.vc_custom_1574020096324{background-color: rgba(30,115,190,0.16) !important;*background-color: rgb(30,115,190) !important;}&#8220;][vc_column width=&#8220;1\/2&#8243;][vc_column_text]<\/p>\n<ul>\n<li>Visoka dostupnost sistema za centralno arhiviranje podataka kako bi se osigurao kontinuitet poslovanja.<\/li>\n<li>Rad sa sigurnim mre\u017enim sistemom.<\/li>\n<li>Sigurnost podataka i brzina pristupa je obezbe\u0111ena \u00a0kvalitetnim i pouzdanim server ra\u010dunarom koji garantuje sigurnost podataka i zagarantovanu brzinu pristupa putem stabilne i brze mre\u017ene infrastrukture.<\/li>\n<li>Elektronska razmena podataka putem aplikacije.<\/li>\n<li>Integracija koja zahteva sinhronizaciju podataka i aplikacija, hardware-a i mre\u017ene infrastrukture.<\/li>\n<\/ul>\n<p>[\/vc_column_text][\/vc_column][vc_column width=&#8220;1\/2&#8243;][vc_column_text]<\/p>\n<ul>\n<li>Re\u0161enja za sve posebne zahteve za obele\u017eavanje i pra\u0107enje robe.<\/li>\n<li>Fokusiramo se na ekonomi\u010dna i blagovremena re\u0161enja u poslovnim aplikacijama, integraciji sistema i u infrastrukturnim prostorima.<\/li>\n<li>Nadgledanje i merenje produktivnosti.<\/li>\n<li>Barkodiranje \/ RF ure\u0111aji.<\/li>\n<li>RFID (daljinsko slanje i prijem podataka).<\/li>\n<li>On-line podr\u0161ka 24\/7\/365 za aplikaciju.<\/li>\n<li>Konsultantske usluge.<\/li>\n<\/ul>\n<p>[\/vc_column_text][\/vc_column][\/vc_row][vc_row css_animation=&#8220;&#8220; row_type=&#8220;row&#8220; use_row_as_full_screen_section=&#8220;no&#8220; type=&#8220;grid&#8220; angled_section=&#8220;no&#8220; text_align=&#8220;left&#8220; background_image_as_pattern=&#8220;without_pattern&#8220; z_index=&#8220;&#8220;][vc_column][vc_column_text]Implementirali smo najsavremenija IT re\u0161enja sa ciljem pru\u017eanja visokog kvaliteta usluga i pove\u0107anja zadovoljstva na\u0161ih klijenta. Na\u0161 Warehouse Management System (WMS) je klju\u010dni deo organizacije logisti\u010dkog lanca i njegova osnovna svrha je kontrola kretanja robe u skladi\u0161tu putem pra\u0107enja i kontrolisanja logisti\u010dkih procesa. WMS je povezan sa interno razvijenim informacionim sistemom (ERP).[\/vc_column_text][vc_single_image image=&#8220;960&#8243; img_size=&#8220;large&#8220; alignment=&#8220;center&#8220; onclick=&#8220;link_image&#8220; qode_css_animation=&#8220;&#8220; qode_hover_animation=&#8220;zoom_in&#8220;][vc_column_text]Usredsredite se na svoju viziju, a mi \u0107emo Vam pomo\u0107i da postignete Va\u0161 cilj![\/vc_column_text][vc_empty_space][\/vc_column][\/vc_row][vc_row css_animation=&#8220;&#8220; row_type=&#8220;row&#8220; use_row_as_full_screen_section=&#8220;no&#8220; type=&#8220;full_width&#8220; angled_section=&#8220;no&#8220; text_align=&#8220;left&#8220; background_image_as_pattern=&#8220;without_pattern&#8220; z_index=&#8220;&#8220;][vc_column]<div class=\"call_to_action with_icon\" style=\"background-color: #1e73be;\"><div class=\"container_inner\"><div class=\"two_columns_75_25 clearfix\"><div class=\"text_wrapper column1\"><div class=\"call_to_action_icon_holder\"><div class=\"call_to_action_icon\"><div class=\"call_to_action_icon_inner\"><i class='fa fa-envelope pull-left . fa-2x'><\/i><\/div><\/div><\/div><div class=\"call_to_action_text  font_weight_inherit\" style=\"font-weight: 500;\">\n<div class=\"wpb_column vc_column_container vc_col-sm-12\">\n<div class=\"vc_column-inner\">\n<div class=\"wpb_wrapper\">\n<div class=\"wpb_text_column wpb_content_element \">\n<div class=\"wpb_wrapper\">\n<div class=\"wpb_column vc_column_container vc_col-sm-12\">\n<div class=\"vc_column-inner\">\n<div class=\"wpb_wrapper\">\n<div class=\"wpb_text_column wpb_content_element \">\n<div class=\"wpb_wrapper\">\n<h5><strong><span style=\"color: #ffffff;\">Zahtev za ponudu mo\u017eete poslati na : <\/span><\/strong><a href=\"about:blank\"><strong><span style=\"color: #ffffff;\">it@euromontlogistic.rs<\/span><\/strong><\/a><\/h5>\n<\/div>\n<\/div>\n<\/div>\n<\/div>\n<\/div>\n<\/div>\n<\/div>\n<\/div>\n<\/div>\n<\/div>\n<\/div><\/div><\/div><\/div><\/div>[\/vc_column][\/vc_row]<\/p>\n","protected":false},"excerpt":{"rendered":"<p>[vc_row css_animation=&#8220;&#8220; row_type=&#8220;row&#8220; use_row_as_full_screen_section=&#8220;no&#8220; type=&#8220;grid&#8220; angled_section=&#8220;no&#8220; text_align=&#8220;left&#8220; background_image_as_pattern=&#8220;without_pattern&#8220; padding_top=&#8220;40&#8243; padding_bottom=&#8220;40&#8243; z_index=&#8220;&#8220;][vc_column][vc_column_text]Tehnologija je sr\u017e dana\u0161njeg poslovanja i na\u010din na koji se koriste tehnologije je veoma va\u017eno. Sistem na\u0161eg poslovanja nije samo tehnologija, to su i iskusni ljudi koji koriste vrhunski hardver i softver da bi nadma\u0161ili&#8230;<\/p>\n","protected":false},"author":1,"featured_media":0,"parent":0,"menu_order":0,"comment_status":"closed","ping_status":"closed","template":"full_width.php","meta":{"_mi_skip_tracking":false,"_monsterinsights_sitenote_active":false,"_monsterinsights_sitenote_note":"","_monsterinsights_sitenote_category":0,"footnotes":""},"class_list":["post-627","page","type-page","status-publish","hentry"],"_links":{"self":[{"href":"https:\/\/euromontlogistic.rs\/index.php\/wp-json\/wp\/v2\/pages\/627","targetHints":{"allow":["GET"]}}],"collection":[{"href":"https:\/\/euromontlogistic.rs\/index.php\/wp-json\/wp\/v2\/pages"}],"about":[{"href":"https:\/\/euromontlogistic.rs\/index.php\/wp-json\/wp\/v2\/types\/page"}],"author":[{"embeddable":true,"href":"https:\/\/euromontlogistic.rs\/index.php\/wp-json\/wp\/v2\/users\/1"}],"replies":[{"embeddable":true,"href":"https:\/\/euromontlogistic.rs\/index.php\/wp-json\/wp\/v2\/comments?post=627"}],"version-history":[{"count":32,"href":"https:\/\/euromontlogistic.rs\/index.php\/wp-json\/wp\/v2\/pages\/627\/revisions"}],"predecessor-version":[{"id":652,"href":"https:\/\/euromontlogistic.rs\/index.php\/wp-json\/wp\/v2\/pages\/627\/revisions\/652"}],"wp:attachment":[{"href":"https:\/\/euromontlogistic.rs\/index.php\/wp-json\/wp\/v2\/media?parent=627"}],"curies":[{"name":"wp","href":"https:\/\/api.w.org\/{rel}","templated":true}]}}